5. Let t(w) = w**2 - 6*w + 2. What is t(o)?
-3
Suppose 8*t + 3*q = 4*t - 8, 4*q = 0. Let x(w) = w - 1. Calculate x(t).
-3
Let v = -29 - -24. Let o(z) = -z**3 - 4*z**2 + 6*z + 2. Determine o(v).
-3
Let p(n) = -4*n**3 + 4*n**2 + n + 1. Let j(m) = -6*m**3 + 6*m**2 + 2*m + 1. Let u(b) = -5*j(b) + 7*p(b). Determine u(2).
4
Let n(h) = 3*h**2 + 2*h - 3 + 0*h**2 + 5*h - h - h**3. Calculate n(4).
5
Let w(v) be the second derivative of v**7/840 + v**5/120 + 7*v**3/6 - 3*v. Let p(b) be the second derivative of w(b). Determine p(2).
10
Let f(n) be the second derivative of -n**4/12 + n**3/3 + 3*n**2/2 + 9*n. Determine f(4).
-5
Let m(k) = -5*k - 14. Let q be m(-3). Let r(p) = 5*p**3 - p + 1. Determine r(q).
5
Let r(j) be the first derivative of -j**4/4 + j**3/3 + j**2/2 - j - 3. Let k be r(1). Let u(q) = q**3 + q**2 + q - 1. Determine u(k).
-1
Let t(l) = -3*l - 4. Let o be (1 - 2)/(3/9). Let d be (-2 + 16/6)*o. Let n be (d/6)/(2/18). What is t(n)?
5
Let g(s) = s**3 - 3*s**2 - 5*s. Suppose 3*h = a + 17, -h + 6 - 22 = 4*a. Give g(h).
-4
Let y(i) = 4. Let w(s) = s - 1. Let v(n) = -3*w(n) - y(n). Suppose -3*g + 17 = 5*p, p = 2*p + 3*g - 1. Suppose p*l = 4*c - l + 32, l = -5*c - 11. What is v(c)?
8
Let k(f) = -3*f + 11. Let w(d) = d - 5. Let h(t) = 3*k(t) + 7*w(t). What is h(4)?
-10
Let r be (-3 + 2)/((-2)/4). Let w(a) = a**2 + a + 2*a**2 + 3 - 3*a - a. What is w(r)?
9
Let b(t) = t**2 - t - 1. Let j(h) = 5*h**2 - 12*h - 2. Let g(z) = 6*b(z) - j(z). Determine g(-5).
-9
Let i(p) = 2*p + 6. Let f = 14 + -7. Let c = f + -11. Calculate i(c).
-2
Let f(t) = 1173 + 7*t - 1180 - t - t**2. What is f(6)?
-7
Let k(v) be the second derivative of -v**6/360 + 7*v**5/120 + v**4/12 - 7*v**3/6 + v. Let q(m) be the second derivative of k(m). What is q(6)?
8
Let d(g) = -g**2 - 2*g - 3. Suppose -5*q - b = -58, 5*q - 22 = 3*q - b. Suppose -k = 3*k + q. What is d(k)?
-6
Let x(r) = r. Let b be x(-6). Let z(i) = 2*i + 1. Determine z(b).
-11
Let p = 13 + -11. Let j(w) = -w**3 + w. Determine j(p).
-6
Let r(v) = 3*v + 5. Let a(o) = o**3 - 3*o**2 - 13*o + 9. Let u be a(5). Calculate r(u).
-13
Let q be (-54)/(-15) + (-6)/(-15). Let l(g) = q*g + 3*g**2 - g**2 - g**2 - 3. What is l(-4)?
-3
Let m(u) = 7*u**2 - 12*u + 3. Let b(k) = 4*k**2 - 7*k + 2. Let n(x) = 5*b(x) - 3*m(x). Calculate n(2).
-1
Let c(w) = 2*w**2 - 2*w - 1. Suppose q + q + 3*x = -5, 0 = 3*q + 5*x + 8. Give c(q).
3
Let j be 124/30 + 26/(-195). Let x(r) = -r - 2*r + 9 - 4*r. Let k(m) = m - 1. Let s(n) = 6*k(n) + x(n). Give s(j).
-1
Suppose 0*l = 4*l - 12. Let n = -8 + 13. Let m(u) = -3*u**2 - l*u + 5 - 4 + n*u**2. What is m(2)?
3
Let h be 1/2*(-108)/(-9). Let j(v) = -5 + 4*v**2 - h*v - v**2 + 2*v**3 - v**3. Calculate j(-4).
3
Let w(u) = -u**2 - 3*u - 2. Suppose 5*l = 3 - 13. Calculate w(l).
0
Suppose 6*q + 1 = 7*q. Let z(w) = 7*w**3 - w**2 + 2*w - 1. Determine z(q).
7
Let l(y) be the third derivative of -y**9/60480 - y**8/2880 - y**7/1260 + y**6/90 - y**5/30 + 3*y**2. Let g(w) be the third derivative of l(w). Calculate g(-6).
-4
Let u be 3/(-5) + 115/25. Let f(t) be the second derivative of 1/2*t**3 + 1/20*t**5 + 2*t + 2*t**2 + 0 - 5/12*t**4. Give f(u).
0
Let j(z) be the second derivative of z**5/20 + z**4/2 - z**3/6 - z. Suppose 6 = -2*s + s. What is j(s)?
6
Let y(n) be the third derivative of -n**4/24 - 8*n**3/3 + 14*n**2. Determine y(0).
-16
Let o be (-3)/(-4)*(4 - 0). Let g(f) = -f**2 + 4*f. Let s be g(4). Suppose s = h + o*h + 8. Let l(b) = -b**2 - 2*b. Determine l(h).
0
Let m(v) = -v**2 + 7*v - 3. Let j be 1 + (2 + -3)*-7. Suppose -j*d - 12 = -10*d. Calculate m(d).
3
Let x be 4/(5 - (1 - -3)). Let g(m) be the first derivative of x*m + 1/3*m**3 + 3*m**2 + 3. What is g(-4)?
-4
Let h(a) = a**2 + 8*a - 1. Let m be h(-9). Let g(p) = m*p - 2 - 4*p + 2. Determine g(3).
12
Let i(q) = -q**2 + 7*q - 14. Let z(x) = x**2 - 7*x + 13. Let a(d) = -6*i(d) - 7*z(d). Give a(6).
-1
Let j(x) = -4*x - 3. Let r(d) = -11*d - 9. Let s(m) = 8*j(m) - 3*r(m). Determine s(5).
8
Let v(f) = 7*f**2 - 4*f**3 - 10*f + 5*f**3 + 9*f + 5 - 2*f**3. What is v(7)?
-2
Let a be 3*-3*(-2)/9. Let j(i) = i - 4. Let f(t) = 2*t - 5. Let d(q) = -3*f(q) + 4*j(q). Determine d(a).
-5
Suppose -3*k + 14 = 3*n - 10, 2*k - 7 = n. Let f(r) = -r**3 + 4*r**2 + 2. What is f(n)?
11
Let o(j) = j**2 + 4*j - 5. Let w be o(-4). Let p(g) be the first derivative of g**2/2 + 4*g + 6. What is p(w)?
-1
Let u(y) = 0*y**2 + 2 + 0 + 6*y + y**2 - 4*y. What is u(-3)?
5
Let z(c) = 4 - c + 5*c + 1 - 5*c. Calculate z(4).
1
Let k(r) = -3*r - 1. Let n = 49 + -50. Give k(n).
2
Let b be 4/(-14) - (-46)/14. Suppose 2*c = -b*c. Let i(v) = -7*v + v**2 - 4*v - 3 + 10*v. Give i(c).
-3
Let y(n) = -7*n**2 + n - 1. Suppose 2*k - 4 = 4, 2*z = -2*k + 4. Let b be (2/4)/(z/12). Let d = -2 - b. What is y(d)?
-7
Let n(t) = 3*t + 2. Let b be n(1). Let z(m) = m. Determine z(b).
5
Let a(n) = -n**3 + 3*n**2 - n - 3. Suppose -71 = -5*x + 2*i - 9, 0 = x - 5*i + 6. Suppose -5*f = -x - 1. Determine a(f).
-6
Let m(o) be the second derivative of o**7/2520 + o**5/30 - o**4/4 - 3*o. Let b(x) be the third derivative of m(x). Determine b(0).
4
Let m(l) = -5*l**2 - 10*l + 3. Let w(p) = -p**2 - 2*p + 1. Let t(y) = m(y) - 4*w(y). Give t(2).
-9
Let s(j) = j - 4. Let c(o) = 3*o + 34. Let a be c(-9). What is s(a)?
3
Let t(p) = 2*p - 8. Let u be t(4). Let x(m) = m**2 + 1. What is x(u)?
1
Let n(q) = q**3 + q - 8. Let o(y) be the first derivative of y**3/3 - y**2 - 3*y - 4. Let c be o(3). Determine n(c).
-8
Let c(t) be the third derivative of t**5/60 - t**4/4 - 7*t**3/6 - t**2. Let j = 78 + -73. What is c(j)?
-12
Let z(t) = -4*t**3 + 9*t**2 + t + 6. Let v(j) = 9*j**3 - 19*j**2 - 3*j - 13. Let r(d) = 3*v(d) + 7*z(d). Calculate r(6).
-9
Let w(t) = -t**3 - 4*t**2 - t - 3. Let g be w(-4). Let k(q) = 2 - g - 2 - 2*q + 4*q. What is k(-2)?
-5
Suppose 5*r + 4*z = 7 - 15, 0 = 4*r - z + 19. Let b(n) = n**3 + 4*n**2 + 3*n + 2. What is b(r)?
-10
Let g(q) = 9 + 4*q**3 + 5*q**2 - q**3 - 3 - 2*q**3 + 7*q. Determine g(-4).
-6
Let f(k) = -2 + 2 + 4 + k - 3. Calculate f(-3).
-2
Let c(o) be the second derivative of o**3/6 - 5*o**2/2 - 26*o. Give c(11).
6
Let b(n) = -n**2 - 5*n + 6. Let k = -13 + 18. Suppose -k*f - 6*s = -3*s + 34, f = 3*s + 4. What is b(f)?
6
Let a(r) = -r**2 - 2*r + 1. Let t be (-2)/9 - (-32)/(-18). Let x be -3 + (-1 - 1 - t). Let i be 2/(1*(-6)/x). Determine a(i).
-2
Let w = 8 - 10. Let n(t) = 8*t + 3. Give n(w).
-13
Let h be (2/(-2))/(3/(-6)). Let b(v) be the first derivative of -2*v**2 - 2*v - 8. Give b(h).
-10
Suppose -5 = 2*k + 5. Let a(s) = s**2 - 1. Let v(w) = 3*w**2 - 6*w - 4. Let h(i) = -4*a(i) + v(i). What is h(k)?
5
Let n(k) be the second derivative of -k**8/6720 - k**7/1260 - k**6/240 - k**5/120 - k**4/12 + 2*k. Let m(j) be the third derivative of n(j). Give m(-2).
5
Let w(v) = v + 1. Let l be w(1). Let x(g) = -2 + 5*g + 0*g**l + 4*g**2 - 3*g**2. Let r be x(-6). Let q(k) = -k + 3. What is q(r)?
-1
Suppose 5*w = 3*w + 2. Let o(a) = w + 3 + 0*a + a. Calculate o(6).
10
Suppose -3*r + 17 = 5*v - 4*r, -v + 3*r = -9. Let y(u) = 2*u + u + 2*u + 2*u**2 - 4 - u**3. Give y(v).
2
Let b(n) = -4*n**3 - 7*n**2 + 5*n + 5. Let w be (-4)/16*12/(-1). Let t(a) = a**3 + a**2 - a. Let f(s) = w*t(s) + b(s). Calculate f(-4).
-3
Let n(j) = -1. Let p be 4 + 4/(4/(-3)). Let f(a) = -a - 9. Let l(u) = p*n(u) - f(u). Determine l(-4).
4
Let z(v) be the first derivative of 4*v + 1/3*v**3 - 3*v**2 + 1. Give z(4).
-4
Suppose -3*y + 21 = -3*o, -o + 0 = 2*y - 8. Let s(v) = v**3 - 6*v**2 + 2*v + 7. Determine s(y).
-8
Let d be (21/140*5)/(1/(-4)). Let w(c) = -2*c**2 - 4*c - 1. What is w(d)?
-7
Suppose b + 2*z + 9 = 2*b, b = -5*z - 19. Let s(m) = -8*m**2 - m + 1. Give s(b).
-8
Let u(o) = o**2 - 6*o + 4. Let a be 2/(-5) - 27/45. Let l be ((-10)/20)/(a/10). Determine u(l).
-1
Let m(j) = j + 2. Suppose 3*w = 4*w - 12. Let c be (2/(-3))/((-4)/w). Calculate m(c).
4
Suppose 12 = -8*u - 4. Let z(o) = o**2 + 2*o - 2. Calculate z(u).
-2
Let f(h) be the third derivative of h**4/12 - h**3/6 - h**2. Suppose -14 = -3*n - 5. Let w(u) = -3*u + 1. Let z(p) = n*w(p) + 5*f(p). Calculate z(5).
3
Let m be (3 + -2)/(2/12). Let s = -7 + m. Let j(o) = -o - 1. Let f(u) = 4*u - 2. Let b(a) = s*f(a) - 3*j(a). What is b(4)?
1
Let o(w) = -2*w - 1. Let j be o(-3). Let l(i) be the second de